{"id":18,"date":"2023-08-03T11:56:49","date_gmt":"2023-08-03T11:56:49","guid":{"rendered":"http:\/\/klinisk-psykolog.dk\/?page_id=18"},"modified":"2025-08-10T14:24:45","modified_gmt":"2025-08-10T14:24:45","slug":"tilskud","status":"publish","type":"page","link":"https:\/\/klinisk-psykolog.dk\/index.php\/tilskud\/","title":{"rendered":"Tilskud"},"content":{"rendered":"\n<h4 class=\"wp-block-heading\">Offentlige tilskudsordninger<\/h4>\n\n\n\n<p>Man kan med en henvisning fra den alment praktiserende l\u00e6ge opn\u00e5 tilskud til psykologhj\u00e6lp. Tilskuddet ydes via Den Offentlige sygesikring, og det er kun praktiserende psykologer, som har overenskomst med Den Offentlige sygesikring, som kan modtage henvisninger fra den alment praktiserende l\u00e6ge.<br><br>Nedenst\u00e5ende punktopstilling viser hvilke h\u00e6ndelser, som muligg\u00f8r udstedelse af henvisning til psykologhj\u00e6lp.<\/p>\n\n\n\n<div class=\"wp-block-group is-vertical is-content-justification-left is-layout-flex wp-container-core-group-is-layout-07439f0a wp-block-group-is-layout-flex\" style=\"padding-top:0;padding-right:0;padding-bottom:0;padding-left:0\">\n<div class=\"wp-block-columns is-layout-flex wp-container-core-columns-is-layout-28f84493 wp-block-columns-is-layout-flex\">\n<div class=\"wp-block-column is-layout-flow wp-block-column-is-layout-flow\">\n<ol start=\"1\" class=\"wp-block-list\">\n<li>r\u00f8veri-, volds- og voldt\u00e6gtsofre<\/li>\n\n\n\n<li>trafik- og ulykkesofre<\/li>\n\n\n\n<li>p\u00e5r\u00f8rende til alvorligt psykisk syge personer<\/li>\n\n\n\n<li>personer ramt af alvorligt invaliderende sygdom<\/li>\n\n\n\n<li>p\u00e5r\u00f8rende til personer ramt af en alvorligt invaliderende sygdom<\/li>\n\n\n\n<li>p\u00e5r\u00f8rende ved d\u00f8dsfald<\/li>\n\n\n\n<li>personer, der har fors\u00f8gt selvmord<\/li>\n<\/ol>\n<\/div>\n\n\n\n<div class=\"wp-block-column is-layout-flow wp-block-column-is-layout-flow\">\n<ol start=\"8\" class=\"wp-block-list\">\n<li>kvinder, der, som f\u00f8lge af misdannelser eller lignende ved barnet, f\u00e5r foretaget provokeret abort efter 12. graviditetsuge<\/li>\n\n\n\n<li>personer, der inden det fyldte 18. \u00e5r har v\u00e6ret udsat for incest eller andre seksuelle overgreb<\/li>\n\n\n\n<li>personer med let til moderat depression over 18 \u00e5r<\/li>\n\n\n\n<li>personer med let til moderat angstlidelse herunder OCD over 18 \u00e5r<\/li>\n<\/ol>\n<\/div>\n<\/div>\n\n\n\n<p>Man kan ikke automatisk f\u00e5 en henvisning til psykologhj\u00e6lp, hvis man har v\u00e6ret udsat for en eller flere af de anf\u00f8rte h\u00e6ndelser. Det er til enhver tid den alment praktiserende l\u00e6ges sk\u00f8n, hvorvidt man opfylder betingelserne for at kunne f\u00e5 en henvisning. Folketinget har vedtaget en lov om psykologhj\u00e6lp til unge, som bevilliger gratis psykologhj\u00e6lp for unge mellem 18 til og med 24 \u00e5r, hvis de opfylder kriterierne under punkt 10 eller punkt 11. Endvidere har Folketinget vedtaget, at personer, som opfylder kriterierne for persongruppe 1 (r\u00f8veri-, volds- og voldt\u00e6gtsofre), kan f\u00e5 gratis psykologhj\u00e6lp. I Albertslund Psykologklinik tilbydes der behandling inden for alle angivne persongrupper fra 1-11.<br><br>En henvisning er som udgangspunkt kun gyldig, hvis den udstedes senest 6 m\u00e5neder efter den udl\u00f8sende h\u00e6ndelse er indtruffet. Dette g\u00e6lder dog ikke for punkt nr. 9. Endvidere g\u00e6lder, at den praktiserende psykolog skal have modtaget henvisningen indenfor en m\u00e5ned efter udstedelsen (aktuelt ikke g\u00e6ldende pga. lange ventetider til psykolog).<br>Tidsbegr\u00e6nsningen p\u00e5 de 6 m\u00e5neder omfatter ikke punkterne 9 og 10.<br>En henvisning til psykologhj\u00e6lp udl\u00f8ser tilskud op til 12 behandlinger. Personer over 18 \u00e5r, som er ramt af let til moderat depression, kan dog opn\u00e5 tilskud til yderligere 12 behandlinger. Genhenvisning til yderligere 12 konsultationer g\u00e6lder ogs\u00e5 for punkt nr. 11.<br><br>Ud over tilskud fra Den Offentlige sygesikring kan der ogs\u00e5 opn\u00e5s tilskud fra kommunal side. En kommune kan ud fra en social og \u00f8konomisk vurdering i visse tilf\u00e6lde bevilge fuld eller delvis \u00f8konomisk d\u00e6kning til psykologhj\u00e6lp.<\/p>\n<\/div>\n\n\n\n<p>Der kan ogs\u00e5 opn\u00e5s tilskud gennem sygeforsikringen \u201cdanmark\u201d. Dette kr\u00e6ver imidlertid aktivt medlemskab, samt at man er opf\u00f8rt under en tilskudsgruppe, som giver tilskud til psykologhj\u00e6lp.<\/p>\n\n\n\n<p style=\"padding-bottom:0\">I forbindelse med tilskud fra Den Offentlige sygesikring oplyses taksten samt egen-andelen ved den f\u00f8rste henvendelse. \u00d8vrige aktuelle takster p\u00e5 behandlingsydelser oplyses tillige ved den f\u00f8rste henvendelse.<br>Der kan e-faktureres til \u201cdanmark\u201d fra klinikken. \u00d8nskes dette, skal det meddeles ved den f\u00f8rste konsultation.<\/p>\n","protected":false},"excerpt":{"rendered":"<p>Offentlige tilskudsordninger Man kan med en henvisning fra den alment praktiserende l\u00e6ge opn\u00e5 tilskud til psykologhj\u00e6lp. Tilskuddet ydes via Den Offentlige sygesikring, og det er kun praktiserende psykologer, som har overenskomst med Den Offentlige sygesikring, som kan modtage henvisninger fra den alment praktiserende l\u00e6ge. Nedenst\u00e5ende punktopstilling viser hvilke h\u00e6ndelser, som muligg\u00f8r udstedelse af henvisning til [&hellip;]<\/p>\n","protected":false},"author":1,"featured_media":0,"parent":0,"menu_order":0,"comment_status":"closed","ping_status":"closed","template":"","meta":{"inline_featured_image":false,"site-sidebar-layout":"no-sidebar","site-content-layout":"content-boxed-container","ast-site-content-layout":"normal-width-container","site-content-style":"boxed","site-sidebar-style":"unboxed","ast-global-header-display":"","ast-banner-title-visibility":"","ast-main-header-display":"","ast-hfb-above-header-display":"","ast-hfb-below-header-display":"","ast-hfb-mobile-header-display":"","site-post-title":"disabled","ast-breadcrumbs-content":"","ast-featured-img":"","footer-sml-layout":"","theme-transparent-header-meta":"","adv-header-id-meta":"","stick-header-meta":"","header-above-stick-meta":"","header-main-stick-meta":"","header-below-stick-meta":"","astra-migrate-meta-layouts":"set","ast-page-background-enabled":"default","ast-page-background-meta":{"desktop":{"background-color":"var(--ast-global-color-4)","background-image":"","background-repeat":"repeat","background-position":"center center","background-size":"auto","background-attachment":"scroll","background-type":"","background-media":"","overlay-type":"","overlay-color":"","overlay-opacity":"","overlay-gradient":""},"tablet":{"background-color":"","background-image":"","background-repeat":"repeat","background-position":"center center","background-size":"auto","background-attachment":"scroll","background-type":"","background-media":"","overlay-type":"","overlay-color":"","overlay-opacity":"","overlay-gradient":""},"mobile":{"background-color":"","background-image":"","background-repeat":"repeat","background-position":"center center","background-size":"auto","background-attachment":"scroll","background-type":"","background-media":"","overlay-type":"","overlay-color":"","overlay-opacity":"","overlay-gradient":""}},"ast-content-background-meta":{"desktop":{"background-color":"var(--ast-global-color-5)","background-image":"","background-repeat":"repeat","background-position":"center center","background-size":"auto","background-attachment":"scroll","background-type":"","background-media":"","overlay-type":"","overlay-color":"","overlay-opacity":"","overlay-gradient":""},"tablet":{"background-color":"var(--ast-global-color-5)","background-image":"","background-repeat":"repeat","background-position":"center center","background-size":"auto","background-attachment":"scroll","background-type":"","background-media":"","overlay-type":"","overlay-color":"","overlay-opacity":"","overlay-gradient":""},"mobile":{"background-color":"var(--ast-global-color-5)","background-image":"","background-repeat":"repeat","background-position":"center center","background-size":"auto","background-attachment":"scroll","background-type":"","background-media":"","overlay-type":"","overlay-color":"","overlay-opacity":"","overlay-gradient":""}},"footnotes":""},"class_list":["post-18","page","type-page","status-publish","hentry"],"_links":{"self":[{"href":"https:\/\/klinisk-psykolog.dk\/index.php\/wp-json\/wp\/v2\/pages\/18","targetHints":{"allow":["GET"]}}],"collection":[{"href":"https:\/\/klinisk-psykolog.dk\/index.php\/wp-json\/wp\/v2\/pages"}],"about":[{"href":"https:\/\/klinisk-psykolog.dk\/index.php\/wp-json\/wp\/v2\/types\/page"}],"author":[{"embeddable":true,"href":"https:\/\/klinisk-psykolog.dk\/index.php\/wp-json\/wp\/v2\/users\/1"}],"replies":[{"embeddable":true,"href":"https:\/\/klinisk-psykolog.dk\/index.php\/wp-json\/wp\/v2\/comments?post=18"}],"version-history":[{"count":24,"href":"https:\/\/klinisk-psykolog.dk\/index.php\/wp-json\/wp\/v2\/pages\/18\/revisions"}],"predecessor-version":[{"id":435,"href":"https:\/\/klinisk-psykolog.dk\/index.php\/wp-json\/wp\/v2\/pages\/18\/revisions\/435"}],"wp:attachment":[{"href":"https:\/\/klinisk-psykolog.dk\/index.php\/wp-json\/wp\/v2\/media?parent=18"}],"curies":[{"name":"wp","href":"https:\/\/api.w.org\/{rel}","templated":true}]}}