{"id":20,"date":"2023-08-02T13:28:13","date_gmt":"2023-08-02T13:28:13","guid":{"rendered":"http:\/\/klinisk-psykolog.dk\/?page_id=20"},"modified":"2025-08-10T14:27:19","modified_gmt":"2025-08-10T14:27:19","slug":"faglige-profil","status":"publish","type":"page","link":"https:\/\/klinisk-psykolog.dk\/index.php\/faglige-profil\/","title":{"rendered":"Faglige profil"},"content":{"rendered":"\n<div class=\"wp-block-columns has-background is-layout-flex wp-container-core-columns-is-layout-28f84493 wp-block-columns-is-layout-flex\" style=\"background-color:#ededed\">\n<div class=\"wp-block-column is-layout-flow wp-block-column-is-layout-flow\" style=\"flex-basis:33.33%\">\n<figure class=\"wp-block-image aligncenter size-full is-resized is-style-rounded\"><img loading=\"lazy\" decoding=\"async\" width=\"400\" height=\"428\" src=\"https:\/\/klinisk-psykolog.dk\/wp-content\/uploads\/2023\/09\/Portraet-Klinisk-Psykolog400.jpg\" alt=\"\" class=\"wp-image-334\" style=\"width:251px;height:268px\" srcset=\"https:\/\/klinisk-psykolog.dk\/wp-content\/uploads\/2023\/09\/Portraet-Klinisk-Psykolog400.jpg 400w, https:\/\/klinisk-psykolog.dk\/wp-content\/uploads\/2023\/09\/Portraet-Klinisk-Psykolog400-280x300.jpg 280w\" sizes=\"auto, (max-width: 400px) 100vw, 400px\" \/><\/figure>\n<\/div>\n\n\n\n<div class=\"wp-block-column is-vertically-aligned-center is-layout-flow wp-block-column-is-layout-flow\" style=\"padding-top:0;padding-bottom:0;flex-basis:66.66%\">\n<div class=\"wp-block-group is-content-justification-center is-layout-constrained wp-block-group-is-layout-constrained\">\n<h5 class=\"wp-block-heading\"><strong>S\u00f8ren N\u00f8rskov<\/strong><\/h5>\n\n\n\n<p>Autoriseret psykolog &amp; Specialist og Supervisor i Klinisk psykologi og Psykoterapi.<br>Uddannet cand.psych p\u00e5 K\u00f8benhavns Universitet med overbygning indenfor det kliniske omr\u00e5de i 1993. <br>Egen praksis i Albertslund siden 1994.<br>Alder, 62 \u00e5r.<br><br>Telefonnummer: <strong>60 87 86 86<\/strong><br>Adresse: <strong>Bispehusene 26, 2620 Albertslund<\/strong><\/p>\n<\/div>\n<\/div>\n<\/div>\n\n\n\n<div style=\"height:60px\" aria-hidden=\"true\" class=\"wp-block-spacer\"><\/div>\n\n\n\n<h4 class=\"wp-block-heading\">Om mig<\/h4>\n\n\n\n<p>Mit faglige st\u00e5sted findes prim\u00e6rt indenfor den eksistentialistiske referenceramme, hvorved der s\u00e6rligt l\u00e6gges v\u00e6gt p\u00e5 at komme ind til selve kernen i klientens problemstilling. For at kunne forst\u00e5 hvad kernen er, og hvilken betydning den har i forhold til den skitserede problemstilling, belyses klientens \u00f8vrige livsforhold. Derfor er det centralt for terapiens udfald, at klientens selvforst\u00e5else af egen problemstilling bliver fokuspunkt i terapien. Der l\u00e6gges s\u00e6rlig v\u00e6gt p\u00e5, at der gives plads og rum for fri refleksion og dialog. Uanset hvilken problematik, der skitseres, medtages helhedsforst\u00e5elsen i forhold til den enkelte problematik samt i livet som helhed. M\u00e5let med terapien er s\u00e5ledes dialogisk afklaring af- og en hj\u00e6lp til, at klienten finder netop sin m\u00e5de at leve mere i overensstemmelse med dennes egne formulerede \u00f8nsker for terapien. Hermed opn\u00e5s der mulighed for, at terapien kan v\u00e6re udviklende indenfor de rammer, der er realistiske og mulige i henhold til klientens v\u00e6rdier og livsforhold.<em><strong> <\/strong><\/em>Klienten og dennes eksistens, identitet, valg i livet \u2013 handling i livet \u2013 og \u00f8nsker om forandring \u2013 er hele tiden i centrum for terapien.<\/p>\n\n\n\n<div style=\"height:30px\" aria-hidden=\"true\" class=\"wp-block-spacer\"><\/div>\n\n\n\n<h4 class=\"wp-block-heading\">Uddannelsesm\u00e6ssig baggrund<\/h4>\n\n\n\n<p><strong>1993<\/strong> Psykologuddannelse (cand.psych.) p\u00e5 K\u00f8benhavns Universitet Amager med overbygning indenfor det kliniske omr\u00e5de.<\/p>\n\n\n\n<p><strong>2002<\/strong> 2-\u00e5rig efteruddannelse i praksis (terapeutiske f\u00e6rdigheder) som led i autorisationsuddannelsen. Godkendelse af autorisation varetages af Psykologn\u00e6vnet under Socialministeriet, jvf. Lov om psykologer nr. 494 af 30. juni 1993.<\/p>\n\n\n\n<p><strong>2010<\/strong> 3-\u00e5rig videreuddannelse i Tilstandsdifferentieret Psykoterapi funderet i den Eksistentialistiske referenceramme. Uddannelsen er godkendt som specialiseringsmodul i Dansk Psykologforenings specialistuddannelser i psykoterapi.<\/p>\n\n\n\n<p><strong>2012<\/strong> 5-\u00e5rig specialistuddannelse i Klinisk psykologi og Psykoterapi indenfor voksen- og ungeomr\u00e5det. (Dansk Psykologforenings regi).<\/p>\n\n\n\n<p><strong>2015<\/strong> 2-\u00e5rig supervisoruddannelse i Klinisk psykologi og Psykoterapi. (Dansk Psykologforenings regi).<\/p>\n\n\n\n<div style=\"height:30px\" aria-hidden=\"true\" class=\"wp-block-spacer\"><\/div>\n\n\n\n<h4 class=\"wp-block-heading\">Klinisk erfaring<\/h4>\n\n\n\n<p><strong>1994<strong> \u2013<\/strong> <em>Fortsat aktiv<\/em><\/strong> Egen psykologpraksis i Albertslund Kommune.<br>Klinikkens m\u00e5lgruppe omfatter unge og voksne. Det terapeutiske behandlingsarbejde omfatter aktuelt supervision, individuel terapi samt gruppeterapi ud fra retningslinjerne under Den Offentlige sygesikring.<br>I det kliniske arbejde indg\u00e5r en bred vifte af tematikker og problemstillinger, herunder de udvalgte h\u00e6ndelsesforl\u00f8b, som er omfattet af tilskud fra Den Offentlige sygesikring (jvf. listen over offentlige tilskud).<\/p>\n\n\n\n<p><strong>1995 \u2013 2000<\/strong> Bestyrelsesmedlem og r\u00e5dgiver i Dansk Idr\u00e6tspsykologisk Forening.<\/p>\n\n\n\n<p><strong>1996 \u2013 1997 <\/strong>R\u00e5dgiver under R\u00e5dgivningsenheden for rygestop i Kr\u00e6ftens Bek\u00e6mpelse.<\/p>\n\n\n\n<p><strong>1998 \u2013 2007<\/strong> Deltidsans\u00e6ttelse som psykolog p\u00e5 Diabetikerhjemmet \u201dSolglimt\u201d i F\u00e5revejle.<br>M\u00e5lgruppen var b\u00f8rn og unge med diabetes. Foruden diabetes havde nogle tillige psykosociale vanskeligheder. Enkelte havde ogs\u00e5 psykiatriske lidelser eller hjernedysfunktioner.<br>Mit prim\u00e6re virke var at yde supervision til det ansatte personale, der bl.a. omfatter p\u00e6dagoger og l\u00e6rere. Men ogs\u00e5 andre faggrupper modtog supervision efter behov. Supervisionen blev ydet b\u00e5de individuelt og i grupper.<br>Herudover var mit virke ogs\u00e5 at udarbejde behandlingsplaner for de indskrevne elever, samt at afholde behandlingskonference og undervisning til det p\u00e6dagogfaglige personale. Der blev der endvidere tilbudt terapeutiske samtaler til eleverne efter behov.<\/p>\n\n\n\n<p><strong>2004 \u2013 2005<\/strong> Tilknyttet Hotel &amp; Restaurationsbranchen som krisepsykolog. De prim\u00e6re arbejdsopgaver var akut krisehj\u00e6lp i forbindelse r\u00f8veri-, overfalds- og voldsepisoder, men ogs\u00e5 andre psykologfaglige opgaver, herunder terapeutiske forl\u00f8b, r\u00e5dgivning m.v.<\/p>\n\n\n\n<p><strong>2006 \u2013 2008<\/strong> Gruppeterapeutisk projekt i samarbejde med \u201cCenter for Syn og Kommunikation\u201d. M\u00e5lgruppe: Personer ramt af \u00f8jensygdommen Retinitis Pigmentosa. To grupper modtog m\u00e5nedlig behandling gennem to \u00e5r.<\/p>\n\n\n\n<p><strong>2008 <strong>\u2013<\/strong> <em>Fortsat aktiv<\/em><\/strong> Tiltr\u00e6delse af overenskomst med Den Offentlige sygesikring.<\/p>\n\n\n\n<p><strong>2008<\/strong> <strong><strong>\u2013<\/strong> <em>Fortsat aktiv<\/em><\/strong> Indtr\u00e6delse i National Netv\u00e6rk til bek\u00e6mpelse af dopingmisbrug under Anti Doping Danmark.<\/p>\n\n\n\n<p><strong>2009<\/strong> <strong><strong>\u2013<\/strong> <em>Fortsat aktiv<\/em><\/strong> Tiltr\u00e6delse som netv\u00e6rkspsykolog under Psykologisk R\u00e5dgivning i SOS International A\/S.<\/p>\n\n\n\n<p><strong>2010<\/strong> <strong><strong>\u2013<\/strong> <em>Fortsat aktiv<\/em><\/strong> Opstart af netv\u00e6rksgruppe for psykologfaglig udvikling og supervision.<\/p>\n\n\n\n<p><strong>2011 \u2013 2019<\/strong> Indtr\u00e6delse i Psykologfagligt Selskab for Supervision under Dansk Psykologforening.<\/p>\n\n\n\n<p><strong>2014<\/strong> <strong><strong>\u2013<\/strong> <em>Fortsat aktiv<\/em><\/strong> Tiltr\u00e6delse som netv\u00e6rkspsykolog under Psykologisk R\u00e5dgivning i Prescriba A\/S.<\/p>\n\n\n\n<p><strong>2015 \u2013 2017<\/strong> Tiltr\u00e6delse som netv\u00e6rkspsykolog i Dansk Sundhedssikring.<\/p>\n\n\n\n<p><strong>2022<\/strong> <strong><strong>\u2013<\/strong> <em>Fortsat aktiv<\/em><\/strong> Henvisningsaftale med Joan-S\u00f8strene.<\/p>\n\n\n\n<p><strong>2023<\/strong> <strong><strong>\u2013<\/strong> <em>Fortsat aktiv<\/em><\/strong> Tiltr\u00e6delse som psykologkonsulent i Diabetesforeningen.<\/p>\n","protected":false},"excerpt":{"rendered":"<p>S\u00f8ren N\u00f8rskov Autoriseret psykolog &amp; Specialist og Supervisor i Klinisk psykologi og Psykoterapi.Uddannet cand.psych p\u00e5 K\u00f8benhavns Universitet med overbygning indenfor det kliniske omr\u00e5de i 1993. Egen praksis i Albertslund siden 1994.Alder, 62 \u00e5r. Telefonnummer: 60 87 86 86Adresse: Bispehusene 26, 2620 Albertslund Om mig Mit faglige st\u00e5sted findes prim\u00e6rt indenfor den eksistentialistiske referenceramme, hvorved der [&hellip;]<\/p>\n","protected":false},"author":1,"featured_media":0,"parent":0,"menu_order":0,"comment_status":"closed","ping_status":"closed","template":"","meta":{"inline_featured_image":false,"site-sidebar-layout":"default","site-content-layout":"content-boxed-container","ast-site-content-layout":"normal-width-container","site-content-style":"boxed","site-sidebar-style":"unboxed","ast-global-header-display":"","ast-banner-title-visibility":"","ast-main-header-display":"","ast-hfb-above-header-display":"","ast-hfb-below-header-display":"","ast-hfb-mobile-header-display":"","site-post-title":"disabled","ast-breadcrumbs-content":"","ast-featured-img":"","footer-sml-layout":"","theme-transparent-header-meta":"","adv-header-id-meta":"","stick-header-meta":"","header-above-stick-meta":"","header-main-stick-meta":"","header-below-stick-meta":"","astra-migrate-meta-layouts":"set","ast-page-background-enabled":"default","ast-page-background-meta":{"desktop":{"background-color":"var(--ast-global-color-4)","background-image":"","background-repeat":"repeat","background-position":"center center","background-size":"auto","background-attachment":"scroll","background-type":"","background-media":"","overlay-type":"","overlay-color":"","overlay-opacity":"","overlay-gradient":""},"tablet":{"background-color":"","background-image":"","background-repeat":"repeat","background-position":"center center","background-size":"auto","background-attachment":"scroll","background-type":"","background-media":"","overlay-type":"","overlay-color":"","overlay-opacity":"","overlay-gradient":""},"mobile":{"background-color":"","background-image":"","background-repeat":"repeat","background-position":"center center","background-size":"auto","background-attachment":"scroll","background-type":"","background-media":"","overlay-type":"","overlay-color":"","overlay-opacity":"","overlay-gradient":""}},"ast-content-background-meta":{"desktop":{"background-color":"var(--ast-global-color-5)","background-image":"","background-repeat":"repeat","background-position":"center center","background-size":"auto","background-attachment":"scroll","background-type":"","background-media":"","overlay-type":"","overlay-color":"","overlay-opacity":"","overlay-gradient":""},"tablet":{"background-color":"var(--ast-global-color-5)","background-image":"","background-repeat":"repeat","background-position":"center center","background-size":"auto","background-attachment":"scroll","background-type":"","background-media":"","overlay-type":"","overlay-color":"","overlay-opacity":"","overlay-gradient":""},"mobile":{"background-color":"var(--ast-global-color-5)","background-image":"","background-repeat":"repeat","background-position":"center center","background-size":"auto","background-attachment":"scroll","background-type":"","background-media":"","overlay-type":"","overlay-color":"","overlay-opacity":"","overlay-gradient":""}},"footnotes":""},"class_list":["post-20","page","type-page","status-publish","hentry"],"_links":{"self":[{"href":"https:\/\/klinisk-psykolog.dk\/index.php\/wp-json\/wp\/v2\/pages\/20","targetHints":{"allow":["GET"]}}],"collection":[{"href":"https:\/\/klinisk-psykolog.dk\/index.php\/wp-json\/wp\/v2\/pages"}],"about":[{"href":"https:\/\/klinisk-psykolog.dk\/index.php\/wp-json\/wp\/v2\/types\/page"}],"author":[{"embeddable":true,"href":"https:\/\/klinisk-psykolog.dk\/index.php\/wp-json\/wp\/v2\/users\/1"}],"replies":[{"embeddable":true,"href":"https:\/\/klinisk-psykolog.dk\/index.php\/wp-json\/wp\/v2\/comments?post=20"}],"version-history":[{"count":57,"href":"https:\/\/klinisk-psykolog.dk\/index.php\/wp-json\/wp\/v2\/pages\/20\/revisions"}],"predecessor-version":[{"id":436,"href":"https:\/\/klinisk-psykolog.dk\/index.php\/wp-json\/wp\/v2\/pages\/20\/revisions\/436"}],"wp:attachment":[{"href":"https:\/\/klinisk-psykolog.dk\/index.php\/wp-json\/wp\/v2\/media?parent=20"}],"curies":[{"name":"wp","href":"https:\/\/api.w.org\/{rel}","templated":true}]}}